e prime factors of 38675628.
2, 3, 41, 26203
What are the prime factors of 3726287481?
3, 7, 641, 276821
What are the prime factors of 51634976?
2, 1613593
What are the prime factors of 1154942215?
5, 7, 32998349
What are the prime factors of 920564677?
41, 227, 98911
What are the prime factors of 4898592842?
2, 11, 13, 67, 255641
What are the prime factors of 616861197?
3, 1697, 13463
List the prime factors of 2811255463.
23293, 120691
List the prime factors of 29513611.
4273, 6907
What are the prime factors of 11157847?
47, 237401
List the prime factors of 241717600.
2, 5, 73, 4139
List the prime factors of 236014515.
3, 5, 11, 397, 1201
List the prime factors of 625729274.
2, 37, 89, 95009
What are the prime factors of 476129098?
2, 17, 37, 461, 821
List the prime factors of 173981852.
2, 11, 139, 28447
List the prime factors of 3270462893.
31, 37, 67, 42557
List the prime factors of 1604438446.
2, 13, 43, 1435097
What are the prime factors of 470552911?
17, 27679583
What are the prime factors of 57439216?
2, 953, 3767
List the prime factors of 180977933.
149, 1214617
List the prime factors of 799489282.
2, 43, 9296387
List the prime factors of 1382656089.
3, 1553, 296771
List the prime factors of 14649465.
3, 5, 53, 18427
List the prime factors of 2225100737.
71, 2027, 15461
List the prime factors of 54730463.
17, 257, 12527
List the prime factors of 83050924.
2, 11, 1887521
List the prime factors of 528425801.
528425801
List the prime factors of 27901936.
2, 1743871
List the prime factors of 10515714.
2, 3, 11, 283, 563
List the prime factors of 39467779.
13, 3035983
What are the prime factors of 125449298?
2, 13, 47, 251, 409
What are the prime factors of 5411582482?
2, 37, 683, 107071
List the prime factors of 76110624.
2, 3, 137, 643
List the prime factors of 6648802.
2, 17, 283, 691
What are the prime factors of 24806703?
3, 53, 89, 1753
List the prime factors of 28778905.
5, 137, 42013
What are the prime factors of 139846433?
487, 287159
What are the prime factors of 635161907?
457, 1389851
List the prime factors of 889697891.
23, 67, 577351
List the prime factors of 120096620.
2, 5, 7, 227, 3779
What are the prime factors of 293513948?
2, 7, 13, 23, 35059
List the prime factors of 68054029.
19, 3581791
List the prime factors of 80312615.
5, 16062523
What are the prime factors of 711965041?
41, 1367, 12703
What are the prime factors of 3746057?
7, 535151
List the prime factors of 4199963399.
61, 1128719
What are the prime factors of 1521195785?
5, 17, 17896421
List the prime factors of 314944591.
13, 24226507
What are the prime factors of 1420927428?
2, 3, 37, 3200287
What are the prime factors of 788963951?
443, 1780957
What are the prime factors of 2257550732?
2, 564387683
What are the prime factors of 391943227?
13, 3851, 7829
List the prime factors of 46971935.
5, 17, 552611
What are the prime factors of 1861366958?
2, 11, 17, 19, 23813
List the prime factors of 2343623732.
2, 23, 25474171
What are the prime factors of 1396285947?
3, 7, 181, 122449
What are the prime factors of 6533124?
2, 3, 13, 41879
List the prime factors of 23470509.
3, 7823503
What are the prime factors of 71681621?
11, 6516511
What are the prime factors of 2152063871?
29, 43, 47, 73, 503
What are the prime factors of 193223233?
7, 27603319
List the prime factors of 877649395.
5, 7, 17, 61, 24181
What are the prime factors of 361986466?
2, 23, 37, 212683
What are the prime factors of 856688197?
67, 12786391
List the prime factors of 7368082978.
2, 3684041489
What are the prime factors of 1380325827?
3, 59, 137, 56923
List the prime factors of 181175475.
3, 5, 13, 185821
What are the prime factors of 19439726?
2, 37, 443, 593
What are the prime factors of 49975539?
3, 16658513
List the prime factors of 179898943.
7, 61, 139, 433
What are the prime factors of 212868794?
2, 7603, 13999
What are the prime factors of 17432810?
2, 5, 179, 9739
List the prime factors of 388370061.
3, 53, 814193
What are the prime factors of 1109260154?
2, 4583, 121019
List the prime factors of 51964852.
2, 17, 764189
What are the prime factors of 27578353?
11, 101, 103, 241
What are the prime factors of 733539225?
3, 5, 9780523
List the prime factors of 570459221.
2383, 239387
List the prime factors of 741499001.
23, 929, 34703
What are the prime factors of 524574940?
2, 5, 83, 251, 1259
What are the prime factors of 61305062?
2, 7, 13, 181, 1861
List the prime factors of 281866466.
2, 7, 937, 21487
What are the prime factors of 750372061?
17, 47, 67, 107, 131
What are the prime factors of 32614038?
2, 3, 29, 43, 1453
List the prime factors of 123735868.
2, 41, 67, 11261
What are the prime factors of 1162997585?
5, 29, 8020673
What are the prime factors of 17197768?
2, 7, 307103
List the prime factors of 119622800.
2, 5, 11, 31, 877
List the prime factors of 29523316.
2, 701, 10529
What are the prime factors of 3487938160?
2, 5, 7, 127, 49043
What are the prime factors of 72361872?
2, 3, 11, 4153
List the prime factors of 197842498.
2, 7, 17, 149, 797
List the prime factors of 308021389.
13, 113, 307, 683
List the prime factors of 567090068.
2, 31, 263, 17389
What are the prime factors of 20005994?
2, 193, 51829
What are the prime factors of 1564698222?
2, 3, 19, 508349
What are the prime factors of 300547493?
277, 3917
List the prime factors of 527159399.
13, 40550723
List the prime factors of 229662198.
2, 3, 31, 67, 6143
List the prime factors of 2703317349.
3, 227, 3969629
What are the prime factors of 17611405?
5, 7, 17, 29599
List the prime factors of 722486300.
2, 5, 571, 12653
What are the prime factors of 14496036?
2, 3, 17, 71059
What are the prime factors of 49319473?
7, 7045639
List the prime factors of 1775719801.
19157, 92693
What are the prime factors of 25533442?
2, 11, 1160611
What are the prime factors of 31760601?
3, 10586867
List the prime factors of 8295722181.
3, 827, 1114567
What are the prime factors of 981262027?
491, 1998497
List the prime factors of 48660369.
3, 47, 345109
What are the prime factors of 490542235?
5, 2417, 40591
What are the prime factors of 65108288?
2, 7, 19, 7649
What are the prime factors of 164722113?
3, 23, 37, 67, 107
List the prime factors of 132146487.
3, 11, 1334813
What are the prime factors of 665075194?
2, 7, 5441, 8731
List the prime factors of 142014849.
3, 2213, 21391
List the prime factors of 890084723.
11, 383, 211271
What are the prime factors of 329392411?
29, 101, 112459
What are the prime factors of 190310714?
2, 11, 8650487
What are the prime factors of 172747633?
1439, 120047
What are the prime factors of 4504598196?
2, 3, 7, 53626169
List the prime factors of 988408428.
2, 3, 7, 139, 84653
List the prime factors of 517362436.
2, 29, 41, 181, 601
List the prime factors of 389729324.
2, 463, 210437
List the prime factors of 29213288.
2, 13, 280897
List the prime factors of 462638619.
3, 19, 109, 24821
List the prime factors of 1477234446.
2, 3, 103, 233, 10259
List the prime factors of 878738439.
3, 2309, 126857
List the prime factors of 495634471.
495634471
What are the prime factors of 1120583212?
2, 7, 47, 851507
What are the prime factors of 747301502?
2, 19, 19665829
What are the prime factors of 1241002537?
19, 65315923
List the prime factors of 4801306748.
2, 7, 24496463
List the prime factors of 5836632.
2, 3, 157, 1549
List the prime factors of 193664082.
2, 3, 32277347
What are the prime factors of 27758208?
2, 3, 72287
What are the prime factors of 3618131439?
3, 13, 92772601
What are the prime factors of 3073624704?
2, 3, 31, 73, 131
What are the prime factors of 598491935?
5, 7717, 15511
List the prime factors of 6714079236.
2, 3, 186502201
List the prime factors of 245193998.
2, 7, 43, 407299
What are the prime factors of 586111357?
13, 389, 115901
List the prime factors of 12920510.
2, 5, 17, 76003
List the prime factors of 944822803.
944822803
What are the prime factors of 275661584?
2, 11, 67, 97, 241
List the prime factors of 834474587.
834474587
What are the prime factors of 15300490?
2, 5, 101, 15149
What are the prime factors of 11755961?
7, 461, 3643
What are the prime factors of 52773866?
2, 367, 71899
What are the prime factors of 290398378?
2, 71, 433, 4723
What are the prime factors of 